*2 - d - 2. Let p(l) = -7*c(l) - 6*x(l). Let t = 30 + -21. Is p(t) a prime number?
False
Let c(h) = h**3 - 5*h**2 + 2*h - 6. Let w = 18 + -13. Let l be c(w). Suppose 2*v = -3*j + 77, -j + 151 = l*v + 2*j. Is v composite?
False
Suppose -2*p = 3*o - 1 - 10, -o = -p - 7. Suppose o*v = 3*v + 14. Is v a prime number?
True
Let d = -59 - 196. Let a = 634 + d. Is a a composite number?
False
Let q(g) = -10*g**2 + 69*g**2 - g**2. Is q(1) prime?
False
Suppose 756 = 6*n - 2*n. Suppose -x + 110 + n = 0. Is x prime?
False
Suppose 2*n - 5 - 3 = 0. Suppose 0 = 2*v + 2*v - n*h, 2*v - 4*h + 6 = 0. Suppose v*j - 155 = -44. Is j prime?
True
Is 422/2*(3 + -2) composite?
False
Suppose 2*s + 2*s = -5*j + 2, -3*j - 2*s = 0. Is (121/2)/(j/(-4)) composite?
True
Let g(n) = n**2 - 5*n + 5. Let q(z) = -z + 13. Let x(u) = u + 1. Let t be x(5). Let b be q(t). Is g(b) a composite number?
False
Suppose 0 = -w - 472 - 163. Let b = w + 954. Is b a prime number?
False
Let y(z) = z**3 + 3*z**2 + 2. Let i be y(-3). Suppose -i*k = -5*d + 539, k - 8 = -d + 104. Is d composite?
False
Let s(f) = 381*f**2 + 2*f. Is s(-1) prime?
True
Suppose 0 = 3*y - y + 16. Let j = 15 + y. Suppose 2*p + 308 = 4*s, -j*p + 2*p = 3*s - 231. Is s prime?
False
Suppose 0 = 4*t + 3*n - 103, -4*n - 90 = -7*t + 2*t. Let g be 96/(-44) - (-4)/t. Is 1/g + (-51)/(-2) prime?
False
Let r(f) = -23*f - 17. Is r(-12) a composite number?
True
Let h = -5 - -8. Let c(v) = -h*v + 1 - v + 0. Is c(-8) a prime number?
False
Suppose 5*b = -s + 23 - 3, -4*b - 5*s = -16. Let a(v) = v**2 - 3*v - 2. Let l be a(b). Suppose -3*u + 21 = -l*u. Is u prime?
False
Suppose 2*z - 1874 = -528. Is z composite?
False
Let l = 23 - 21. Let z = 1 - 0. Is (l - z) + 0 + 22 composite?
False
Let g(s) = 25*s + 13. Let x(b) = 12*b + 7. Let c(i) = 4*g(i) - 7*x(i). Suppose -v - 4*o - 1 = 0, 3*o - 22 = -2*v - 2*v. Is c(v) prime?
False
Let u = 29 + -26. Is u composite?
False
Let c(z) = 2*z**2 + 0*z**2 + 3 + 11 - 2 + z. Is c(11) composite?
True
Let p(q) = 12*q - 1. Is p(7) prime?
True
Let o(p) = 2*p**3 - 4*p**2 + p - 10. Let s be o(7). Let r = -158 + s. Is r prime?
False
Suppose -3*j + 4*o = -4, 5*j + 6 = o + 24. Suppose -4*k - 64 = -j*b, -b + 11 + 9 = -2*k. Is (-2)/(-12) + 1378/b prime?
False
Suppose -2*s + 1146 = 4*s. Is s a prime number?
True
Suppose k - 5*f + 36 = 0, 5*f - 1 - 119 = 5*k. Let r = k - -74. Is r a composite number?
False
Let h(x) = 4 + 6*x**2 - x**3 - 4*x - 1 - 2*x**2. Let b be h(2). Is 12 + -1 + (b - 1) composite?
False
Let r(w) = w**3 + 4*w**2 - 7*w - 10. Let u be r(-5). Suppose u*f - 2*f = -106. Is f a composite number?
False
Let k(b) = -b**2 - 9*b - 7. Let c(s) = 2*s + 6. Let i be c(-6). Is k(i) a composite number?
False
Let h(j) = -44*j - 9. Is h(-13) prime?
True
Let k = 622 + -243. Is k a composite number?
False
Suppose v - 4*v + 204 = 0. Let j(y) = y**2 - 4*y - 12. Let h be j(10). Suppose 4*f - c = 3*c + v, c - h = -4*f. Is f composite?
False
Suppose i - 6*i = -10, 4*m + 2*i - 432 = 0. Suppose -2*u + 3*u - m = 0. Let a = u + 6. Is a a prime number?
True
Suppose -5*x = 1452 - 237. Let z be (-18)/(-4)*-86 - -1. Let n = x - z. Is n composite?
True
Let b(o) = 6*o**2 + 3*o - 5. Let j be (6/(-9))/(6/99). Let u = j - -7. Is b(u) a composite number?
False
Let w(p) = 5*p**3 + p**2. Let y be w(2). Let d = 81 - y. Is d prime?
True
Let y be -2 + 5 - (0 + 1). Suppose 3 + 32 = 4*n + 5*p, -5*n + 4*p + 54 = 0. Suppose -4*k + y + n = 0. Is k a prime number?
True
Let n(o) = -14*o**2 + 0*o + 38*o**2 + 68*o**2 + o. Is n(-1) a composite number?
True
Let q(d) = 2*d**2 + 4*d + 1. Let y(z) = -z**2 + z + 1. Let h be (-4 + -2)/(3/2). Let l(w) = h*y(w) - q(w). Is l(6) a composite number?
False
Suppose 0 = -2*b - h + 20 - 6, 5*b - 57 = 3*h. Is (-4)/(12/b) - -62 prime?
True
Suppose 8*d - 1352 = 4*d. Is d/4 - 2/(-4) a composite number?
True
Let q(y) = -215*y. Let s be q(-1). Suppose -25 = -5*u, 5*z - s = -5*u + 840. Is z prime?
False
Let a(p) = p**2 - 9*p + 12. Let i be a(8). Suppose -3*w - 4*d + 33 = -92, 4*w - i*d = 120. Is w composite?
True
Suppose 3*p + 5*h = 2*h - 75, -2*p - 3*h = 49. Let y = p - -189. Is y a prime number?
True
Suppose -2 = 2*y + 2. Let m be (y - (-4 + 2))/1. Suppose m = 3*x - 8*x + 485. Is x a composite number?
False
Is (-24376)/(-14) - 6/42 a prime number?
True
Let d(w) = 4*w**2 + 8*w + 8. Let l be d(-7). Suppose l = -2*v - 0*v. Let m = -37 - v. Is m composite?
False
Let c(n) be the first derivative of -2 + 4*n + 15/2*n**2. Is c(3) prime?
False
Suppose -2*p - 3*p + 20 = 0. Suppose -p*c = -0*c + 52. Let m = 23 + c. Is m a composite number?
True
Suppose -4*d = -258 - 386. Is d a composite number?
True
Suppose -2*c = 273 + 355. Let k = c + 693. Is k composite?
False
Suppose 6060 = 5*f + t, -4*t + 2*t - 3623 = -3*f. Is f a prime number?
False
Suppose -5*l + 18 - 3 = 0. Is 155/1*(4 - l) prime?
False
Let j(s) = -4*s + 5. Let a be j(-8). Suppose -4*h + 5*h = a. Is h prime?
True
Let n(f) = -882*f - 3. Is n(-1) prime?
False
Suppose -4*c + x + 4*x = 217, x - 1 = 0. Let i be 3/9 - 110/6. Let q = i - c. Is q a composite number?
True
Let w = 102 + 269. Is w a prime number?
False
Let a = -1628 + 2301. Is a a prime number?
True
Let d be 101/5 - 3/15. Let w = -1 + d. Is w composite?
False
Let i(l) be the first derivative of 133*l**3/3 + l**2/2 + 2*l + 1. Is i(-1) prime?
False
Let n = 0 - -4. Suppose -n*j - 5*x + 364 = 0, -273 = -3*j + 4*x + x. Is j a composite number?
True
Is (-3 - -1)/(1 + 590/(-586)) a composite number?
False
Let n(i) = -i**2 - 2*i - 4. Let k be n(-3). Is k*(-2 - 15/3) a composite number?
True
Suppose -3*n - 478 = -2*b, -4*b + 2*b + 462 = n. Is b composite?
False
Let g(s) be the second derivative of 206*s**3/3 + 3*s**2/2 + s. Is g(1) composite?
True
Suppose 3*d + 2*i - 511 = 0, 0 = 5*d + 4*i - 552 - 299. Suppose 3*p = -4*u + d, -4*u - u - 2*p + 205 = 0. Is u a composite number?
True
Let v(l) = 3*l**2 - l. Let u be v(1). Let k = u - 6. Is (74/8)/((-1)/k) a prime number?
True
Suppose -3*r - 5*u - 308 = 0, -3*r - u - 318 = 2*u. Let j = r + 165. Let b = j + -35. Is b a composite number?
False
Let l be 40/(-4) + 2*1. Let m(j) = 14*j**3 - 21*j**2 + 24*j + 13. Let p(x) = -5*x**3 + 7*x**2 - 8*x - 4. Let f(h) = 6*m(h) + 17*p(h). Is f(l) composite?
True
Let r = 7 + -11. Suppose 7*g - 3*g + 76 = 0. Let h = r - g. Is h a prime number?
False
Let h = -8 - -72. Suppose 42 = o - 5*i - 1, h = o + 2*i. Is o prime?
False
Let t(q) = q**3 + 5*q**2 - 8*q - 2. Let w be t(-6). Let d = 17 - w. Let b = d + 14. Is b composite?
True
Let t(z) = 5*z - 1. Let n be t(1). Suppose 2*y - n*y = 0. Suppose 111 = -y*o + 3*o. Is o prime?
True
Let b(p) = -2*p - 6. Let f be b(-4). Suppose -304 = -4*l - 2*t, l - 2*t - 235 = -f*l. Is l a prime number?
False
Let m(g) = -3*g**3 + 11*g**2 + 10*g + 2. Let j(a) = -a**3 + a**2 + a. Let k(l) = -4*j(l) + m(l). Let z be k(-6). Suppose -z*t + 669 = t. Is t a prime number?
True
Suppose 24 = 3*o + x, -5*o + x - 2*x + 38 = 0. Let s(u) = u**2 + 6*u - 9. Is s(o) a composite number?
True
Let l(w) = -5*w + 1. Let x be l(-1). Is (3 + (-16)/x)*111 a composite number?
False
Let w(m) = 5*m - 3. Is w(10) a prime number?
True
Let b = 4440 - 3094. Is b prime?
False
Suppose -3*r + 15 = -0*r. Suppose r*o - 6*o = -3. Suppose -o*s + 255 = -2*n, -3*s = -5*s - 2*n + 180. Is s composite?
True
Let j(t) = t**2 - 9*t + 10. Let p be j(7). Let s be p + 2 + (-1 - 8). Let v = 18 + s. Is v a prime number?
True
Let y = 3 + 0. Let r = -199 + 301. Suppose y*c - c = r. Is c prime?
False
Suppose -c + 26 = -15. Let q = c - 59. Let t = 53 + q. Is t a composite number?
True
Suppose 7*x - 6*x = 203. Is x a composite number?
True
Suppose -4*n = -9*n - 30. Let u = -1 - n. Suppose -1258 = -u*g - 143. Is g a composite number?
False
Let i be (-6)/(-3) + -2 - -3. Suppose -5*b + 14 = 3*h, -i*b - 2*b = 4*h - 12. Suppose -a - b*a + 235 = 0. Is a prime?
True
Let y(g) be the third derivative of 53*g**6/120 + g**5/60 - g**3/6 - g**2. Suppose 0*m + 4*m - 3*c = -5, -m + c = 2. Is y(m) a composite number?
False
Suppose -5*y = -4 - 6. Is (-6)/(-4) + 385/y prime?
False
Let f be (-1995)/12 + (-2)/(-8). Is f*(-1 + 2/4) a prime number?
True
Let v = 3 + -3. Suppose v*y - 2*y = -164. Is y a composite number?
True
Suppose -9*x + 3*x + 234 = 0. Suppose -d + 2*q + 10 = 0, -4*d - 1 = -2*q - 59.